 = 4 + i. What are the prime factors of z?
3, 7
Let h(o) = -7*o**3 - 4*o**2 + 7*o - 4. What are the prime factors of h(-5)?
2, 23
Let s(u) = 2*u - 23. Let m be s(13). Suppose -102 = -x - 2*h, -3*x + 0*h + 303 = m*h. What are the prime factors of x?
2, 5
Let u = 1285 + -1220. Let k = 55 + 0. Suppose -5*i + k + u = 0. List the prime factors of i.
2, 3
Suppose -4*o + 18 = 2. Suppose 229 = o*u + 3*z, 0 = 2*u - 6*u + 2*z + 214. Let h = u - 31. List the prime factors of h.
2, 3
Suppose 3*c - 211 = 110. Suppose 4*i - h - 215 = 0, 5*h - c = -2*i + 6. What are the prime factors of 3 - (1 - 2)*i?
3, 19
Let u = -261 - -371. Suppose -5*q + u = -105. List the prime factors of q.
43
Let c = -374 + 1075. Let m = c + -495. List the prime factors of m.
2, 103
Let a = -5 + 8. Suppose -6*p + 5*f = -a*p - 10, 0 = -p - f - 2. List the prime factors of 42/(-24)*(-16 + p).
2, 7
Suppose 17*j - 89 = 1883. List the prime factors of j.
2, 29
Let w be (12/15)/((-5)/(-800)). Suppose -3*i + w = 2*y - y, i - 48 = -3*y. Let a = i - 25. List the prime factors of a.
17
Suppose -2*y = 5*w - 5834, 7*y - 12*y + 14547 = 3*w. What are the prime factors of y?
3, 17, 19
List the prime factors of (-9160)/(-75) + (-62)/15 + 4.
2, 61
Let x(v) = -18 - 8*v + 2*v + 3*v + 8*v. List the prime factors of x(6).
2, 3
Suppose -4*c + c = 108. Let i = 39 + c. Suppose -i*h = n - 55, -n + 6*n - 239 = 3*h. List the prime factors of n.
7
Suppose 0 = 3*o - 4*a - 81 - 223, 5*a - 395 = -4*o. Suppose -3*d - o + 427 = 0. List the prime factors of d.
109
Suppose -165 - 371 = -2*r. List the prime factors of r.
2, 67
Let t(v) = v**2 - 22*v + 3. Let i be t(22). Suppose i*p + 136 = 5*p. What are the prime factors of p?
2, 17
Let d(f) = -f**2 + f + 5. Let j = 4 - 4. Let n be d(j). Suppose n*o - o = 8. List the prime factors of o.
2
Let p be -4*(-87)/36*3. List the prime factors of p - 3/(4 - 1).
2, 7
Let f = -68 - -71. Let o(r) = -8*r**2 - 3*r. Let v be o(-2). What are the prime factors of (2 - f)*(v + -1)?
3
Let z be -24*(-1 + 3/2). Let q(x) = -x**3 - 12*x**2 - 2*x - 17. Let k be q(z). Suppose -4*l + 162 = 3*i, k*i = -3*l + 2*i + 127. List the prime factors of l.
3, 13
Let b(w) = -w**3 - w**2 - 2*w - 4. Let m be b(-2). Suppose 3*o = -j + 4*j + 27, m*o = j + 36. What are the prime factors of o?
3
Suppose 5*a + 9*u - 1053 = 12*u, -2*a + 2*u = -422. What are the prime factors of a?
2, 3, 5, 7
Let p be (12/(-10))/(21/(-140)). Suppose -2 = b + 2*c, -4*b + 0*c - 5*c - p = 0. What are the prime factors of (37/b)/((-2)/4)?
37
Suppose -2*v - 2*m + 12 = -5*m, -20 = -3*v + 4*m. Suppose -4*y = 5*z - 252, z - 3*y = -0*z + 39. Let f = z + v. What are the prime factors of f?
2, 3, 5
Let b(p) = 3*p**2 + 33*p + 3. Let i be b(-11). Suppose -i*t + 122 = -253. List the prime factors of t.
5
Let h be (1 - 7)*((-20)/6 + 1). Let b(u) = 16*u - 46. What are the prime factors of b(h)?
2, 89
Suppose 171 = 5*m - 44. Let h = m + -31. Suppose 5*q - h = 33. List the prime factors of q.
3
Let f(b) be the third derivative of 5*b**2 + 0 + 1/60*b**5 + 1/3*b**3 - 1/12*b**4 + 0*b. What are the prime factors of f(3)?
5
Suppose -158 = 253*s - 255*s. What are the prime factors of s?
79
What are the prime factors of -8 - (-22176)/6*1?
2, 461
Let u(a) = a**3 - 7*a**2 - 7*a + 6. Let m(l) = -l**2. Let v be (4 - 27/6)*-2. Let n(w) = v*u(w) - 5*m(w). List the prime factors of n(5).
2, 23
Suppose 0 = 4*y - 16 + 4, -2*l + 2884 = -4*y. What are the prime factors of l?
2, 181
Let c be 51/6*(-7 - 1). List the prime factors of (-8)/c - 2920/(-34).
2, 43
Suppose 9810 = 4*n + 3*o, 12*n - 7368 = 9*n + 3*o. What are the prime factors of n?
2, 3, 409
Suppose -2*w + 1445 = 87. List the prime factors of w.
7, 97
Suppose -11*c + 8*c = 5*q - 1480, -3*c = -q - 1504. List the prime factors of c.
2, 5
Let f(h) be the third derivative of 5*h**4/24 + 3*h**2. Let r be f(-3). What are the prime factors of (-448)/(-20) + (-9)/r?
23
Let a be -351 - -1 - 5*(-16)/(-20). Let t = a - -558. List the prime factors of t.
2, 3, 17
Let k(p) = 11*p + 1069. List the prime factors of k(44).
1553
Let g(p) = -98*p - 61. List the prime factors of g(-7).
5
Let r(j) be the second derivative of j**4/6 - j**3 + j**2 - 2*j. Let y be r(6). Suppose 0 = -2*f + 2 + y. List the prime factors of f.
2, 5
Let y = 40 + -35. Suppose 0*h - 2*h + 765 = y*u, 2*u + 2*h - 300 = 0. List the prime factors of u.
5, 31
Let m(c) = -c - 2. Let r be m(-8). List the prime factors of (-18 + r)/((-1)/4).
2, 3
Suppose 5*f - 7*f + 4 = 0. Suppose x + 10 = f*x. List the prime factors of (x + -9)*(0 - -21).
3, 7
Suppose 3*j - 6*m - 35 = -m, 0 = -3*m - 12. Let f be ((-6)/4)/((-6)/320). Suppose -3*n - 5*s + 85 = 0, 2*s + f = j*n - 2*s. List the prime factors of n.
2, 5
Let b = 63 + -66. What are the prime factors of (71 - (b - -5)) + 5?
2, 37
Let b = -1677 + 2976. What are the prime factors of b?
3, 433
List the prime factors of (-22725)/15*14/(-10).
3, 7, 101
Let m(t) = t**3 + 8*t**2 - 10*t - 6. Let n be m(-9). Let v = n + 7. Suppose -v*y - 34 = -12*y. What are the prime factors of y?
17
Let q be 2/((-3)/(-693)*6). Let n = q - 166. Let b = -27 - n. List the prime factors of b.
2, 31
Let b = 21 + -16. Let z = b - 14. What are the prime factors of 9*3/z*-5?
3, 5
What are the prime factors of ((-1936)/40)/(6/(-195))?
11, 13
Let r(n) = 152*n - 39. List the prime factors of r(15).
3, 83
Let h = -39 - 2. Let o = h - -121. List the prime factors of o.
2, 5
Let d(z) = -6*z + 5. Let q be d(7). Suppose f - 4*l = -20 - 35, 5*f + l + 296 = 0. Let u = q - f. List the prime factors of u.
2, 11
List the prime factors of 430/(((-4)/78)/((-5)/15)).
5, 13, 43
Suppose -7*j + 20400 = 9*j. List the prime factors of j.
3, 5, 17
Let m(c) = -c**2 + 5*c + 10. Let u be m(7). Let d(i) be the third derivative of -i**6/120 - i**5/20 + i**4/8 - 4*i**2. What are the prime factors of d(u)?
2
Suppose -40123 + 160763 = 65*u. List the prime factors of u.
2, 29
Let g = -4237 + 6933. List the prime factors of g.
2, 337
Let j = -61 + 108. Let x = -67 + j. What are the prime factors of ((-8)/x)/((-2)/(-120))?
2, 3
Let j(i) = -i + 21. What are the prime factors of j(-15)?
2, 3
Let y be (3 - 4) + 1 - -148. Suppose -d = 5*m - y, 3*d = m + m - 49. Let g = m - 20. What are the prime factors of g?
3
Let d(j) = -j + 8. Let g be d(8). Suppose -p - 2*p + 132 = g. What are the prime factors of p?
2, 11
Let j(p) = 79*p - 6. Let q be j(2). Suppose -3*c + 67 + q = 0. What are the prime factors of c?
73
Suppose -3*u - 6*j + 2648 = -4*j, 3*j = -15. Let b = 11 - -7. List the prime factors of u/b + (-2)/9.
7
Suppose -2*f = m - 8, -2*f + 3*m = -0*m - 24. List the prime factors of (-1)/2 - (-663)/f.
2, 5, 11
Let j(v) = v**3 + 10*v**2 - 3*v + 19. Let r be (-1 - 6/4)*(-4)/(-1). List the prime factors of j(r).
7
Let y(p) = p**3 - 8*p**2 - 9*p + 5. Let f be y(9). List the prime factors of f*(-8 + (-4 - -7))*-1.
5
Let i be 32*(-2)/(-24)*33. Suppose -b - i + 260 = 0. What are the prime factors of b?
2, 43
Suppose -4*v = -4*l - 28, -4*l - 51 = -5*v - 7*l. Suppose p - v = -0*p. Let i = -6 + p. What are the prime factors of i?
3
Let i = 67 - 63. List the prime factors of 1/i - ((-20424)/(-32))/(-3).
3, 71
Let v be 4/(-22) + (-341)/121. Let g be (205 + -2 - -1) + v. What are the prime factors of g*-1*(-4)/12?
67
Suppose 0 = o + 2*m - 4, 4*o + o - 44 = -2*m. Suppose 5*y - o - 70 = 0. List the prime factors of y.
2
Let x(k) = 4*k + 13 - 5*k + 6*k - 5 + 5*k**2 - k**3. Let g be x(6). Suppose -5*o = -3*j - 84, 0*o + 4*o - g*j = 66. List the prime factors of o.
3, 5
What are the prime factors of (-460)/(-21) - 12/(-126)?
2, 11
Let s be 3/5 + (-198)/(-45). Let i(q) = 10*q + 4. What are the prime factors of i(s)?
2, 3
Let b(p) = 3*p**2 + 1. Let n be b(1). Suppose -n*j - 192 = -7*j. Suppose 219 - j = 5*w. List the prime factors of w.
31
Let a = 15 - 12. Let b(u) = 0 - 5*u + 3*u + a - 12. List the prime factors of b(-6).
3
Let v = 2102 + -465. What are the prime factors of v?
1637
Let k be -1 - 8/(-12) - 5/3. List the prime factors of (0 - (-1 - 24)) + k.
23
List the prime factors of ((-17)/(-2) + -8)/(4/6000).
2, 3, 5
Let q(l) be the first derivative of -l**2/2 + 4*l + 9. Let o be q(4). List the prime factors of (o - -2 - -63)/1.
5, 13
Let d(n) = -6*n. Let j be -4 + 6/(0 + -3). Let i(f) = 35*f + 1. L